
2
Suppose 80*d - 80820 = 60*d. What are the prime factors of d?
3, 449
Let m = 206 + -76. Suppose -5*i = -5*a + m - 440, 4*i - 238 = -a. Suppose 40 = 5*d - i. What are the prime factors of d?
2, 5
Suppose -4*q + 6*q + 6 = 0. Let d be (q/1)/((-5)/10). Suppose d*p + 108 = 8*p. What are the prime factors of p?
2, 3
Let y = 6563 + -4620. List the prime factors of y.
29, 67
Let p = 40 + -32. List the prime factors of (1 + -2)*-3*p.
2, 3
Suppose -r - 10 = -15. Let f(p) = -10 + 3 - 2*p + r + 4. List the prime factors of f(-4).
2, 5
What are the prime factors of (-17*295)/(-5)*1?
17, 59
Let s be ((-90)/(-75))/(46/20 - 2). Let p(x) = 16*x - 4. Let v be p(4). Suppose -s*n + v = -4*o + o, 4*n - 60 = 4*o. What are the prime factors of n?
3, 5
Suppose -10577 = -3*v - 2*u - 2153, 2*u = 0. What are the prime factors of v?
2, 3, 13
Let s(h) = -h**2 + 16*h - 6. Let g be s(12). Suppose z + 17 + 2 = 3*c, 4*c - 47 = -3*z. Let k = g - c. List the prime factors of k.
2, 17
Let s = 719 - -10. List the prime factors of s.
3
Let u be -7*((-13)/7 + 1). Let g(l) = 7*l + 8. Let y(b) = b. Let c(v) = g(v) - 6*y(v). What are the prime factors of c(u)?
2, 7
List the prime factors of (-7 - -15 - -1434) + 8.
2, 5, 29
Let d(g) = 66*g**2 + 26*g + 141. List the prime factors of d(-5).
11, 151
Let p(j) = 103*j - 10. Let m be p(-5). Let c = -371 - m. Suppose -6*v + c + 128 = 0. List the prime factors of v.
47
Let l = -5 - -52. Suppose 12*c - l = 11*c. What are the prime factors of c?
47
Let j = 1450 + -240. List the prime factors of j.
2, 5, 11
Suppose -4*i + 650 = 34. Suppose 3 + 25 = 14*m. Suppose 5*t + 0*s + m*s - i = 0, 0 = -t - s + 32. What are the prime factors of t?
2, 3, 5
Let k(v) = v**2 + 10*v - 10. Let t be k(-11). Suppose 2*r + g = 3 - t, -r = g. Suppose r*j = -j + 72. List the prime factors of j.
2, 3
Let v be 0 - 868/18 - (-4)/18. Let u = v + 377. What are the prime factors of u?
7, 47
Let s(r) = -r**3 + 3*r**2 + 3*r - 4. Let i be s(3). Suppose 0*c - 355 = -i*c. List the prime factors of c.
71
Let q(x) = 4*x**3 - 12*x**2 + 9*x + 1. Let v(w) = 11*w**3 - 35*w**2 + 27*w + 4. Let u(t) = -8*q(t) + 3*v(t). What are the prime factors of u(8)?
2, 3
Let s be (98/21 - 0) + 4/(-6). Suppose -2*m - c + 2*c + 576 = 0, -s*m + 1158 = c. List the prime factors of m.
17
Let h(d) = -d + 1. Let l be h(-1). Suppose 5*m - 2*x + 2 = -5*x, -l*m = x. Suppose m + 0 = -a, 23 = 3*t + 2*a. What are the prime factors of t?
3
Let z(r) = -r**3 + 6*r**2 - 7*r + 2. Let p be z(5). Let i be (-6)/8*2/(-9)*6. List the prime factors of -2*i/(p/52).
13
Let l(f) = -69*f - 555. List the prime factors of l(-16).
3, 61
Suppose -4*b + 252 = -2*v + 5*v, 0 = 5*b - 4*v - 284. Suppose 2*k = 64 + b. What are the prime factors of k?
2, 31
Let l(w) be the third derivative of w**6/120 + 31*w**5/60 - w**4/12 + 43*w**3/6 - 11*w**2. List the prime factors of l(-31).
3, 5, 7
Let w be ((-13)/(-3))/((-3)/9). Let o = w + 4. Let y = 24 + o. List the prime factors of y.
3, 5
What are the prime factors of ((-102)/68)/(1/(-710))?
3, 5, 71
Let a = 49 + -44. Suppose 1 = o - 2. Suppose u - 168 = -0*v - a*v, 0 = -4*v - o*u + 141. List the prime factors of v.
3, 11
Let v(t) be the second derivative of t**5/5 - t**3/6 + 18*t. List the prime factors of v(1).
3
Suppose 0 = 9*i - 4841 + 224. What are the prime factors of i?
3, 19
Suppose -9*m + 5*m + 8 = 0. Suppose -112 = m*d - 366. List the prime factors of d.
127
Let r = 1162 - 685. List the prime factors of r.
3, 53
Let b = 2638 + -1657. What are the prime factors of b?
3, 109
Let s be (-2 + 3)*1*51. Suppose 0*f = 3*f - s. What are the prime factors of f?
17
Suppose -12*l - 1179 = -21*l. List the prime factors of l.
131
Let m = 610 - 323. List the prime factors of m.
7, 41
Suppose 2*g - 33 = -3*g - j, 2*j = g. Let q(p) = -2*p + p - 3*p + g. List the prime factors of q(-8).
2, 19
Let r = 34 + -64. List the prime factors of (-531)/(-5) + 6/r.
2, 53
Suppose -2*s + 1296 = 4*t, 0 = -2*s + 4*t + 765 + 571. List the prime factors of s.
2, 7, 47
Let n(l) = l**2 + 7*l - 12. Let b be n(-9). List the prime factors of 4/b*216/16.
3
Suppose 10 = 8*f - 3*f. Suppose 3*j - f*j - 22 = -2*n, -50 = -2*j + 2*n. Suppose 0 = 2*m - j - 0. What are the prime factors of m?
2, 3
Let z(c) = c**3 - 2*c**2 + 2*c + 1. Let a be z(2). Suppose -2*x + 33 = 3*t, 9*x - a*x = -4*t + 60. List the prime factors of x.
2, 3
Suppose 0 = 2*c + 3*j - 1253, -2*j + 1 = -j. What are the prime factors of c?
5
Let k = 4991 + -2469. What are the prime factors of k?
2, 13, 97
Let r be (975/20 + 2)*(1 + 3). What are the prime factors of (60/(-70))/((-1)/r)?
2, 3, 29
Suppose 4*p - 49*p + 33255 = 0. List the prime factors of p.
739
Let p = -46 + 46. Suppose 4*m - h - 10 = p, 3*h + 12 = 2*m + m. What are the prime factors of m?
2
Suppose -3*d + 662 + 187 = 0. What are the prime factors of d?
283
List the prime factors of (935/(-20))/(-17)*4.
11
Suppose -167224 = -54*b + 68540. List the prime factors of b.
2, 37, 59
Let y = 21 - 19. Suppose -u - y*u + 54 = -a, 3*u = -4*a - 261. Let t = a - -88. List the prime factors of t.
5
Suppose 4*r = 4*n - 5868, 747 + 710 = n + r. What are the prime factors of n?
2, 17, 43
Suppose 4*b - 2322 = -11*x + 6*x, -3*b + 1747 = x. What are the prime factors of b?
11, 53
Let n be (-136)/(-6)*12/8. Suppose -n - 225 = -j. Suppose 0 = 2*v + 2*f - 98, -j = -5*v - 0*f + 2*f. List the prime factors of v.
3, 17
Let m = -43 + 43. Suppose v + 1 - 52 = m. List the prime factors of v.
3, 17
Suppose -k + 67 = 16. Suppose 5*m = -5*z - 75, 0*z - 4*z = -5*m + k. Let v = z - -16. List the prime factors of v.
2
Let i = 358 + -255. List the prime factors of i.
103
Let r(j) = j**2 - 6*j. Let d(u) = -u**2 + 6*u. Let a(x) = 6*d(x) + 5*r(x). Let m be a(6). Suppose m = -0*o + o - 28. List the prime factors of o.
2, 7
List the prime factors of ((-3)/9)/(5/(-10095)).
673
Suppose 5*v + 4680 = 5*h, 2826 = 3*h + 12*v - 9*v. List the prime factors of h.
3, 313
Let b(k) = 9*k + 16. Let m = -40 - -45. What are the prime factors of b(m)?
61
Suppose -2*t + 0*v = -3*v + 231, -5*v + 461 = -4*t. Suppose -4*h = 0, 4*l + 91 + 165 = -2*h. Let r = l - t. What are the prime factors of r?
2, 5
Let i(f) = 54 - 6*f - 54. Let g(u) = -2*u. Let l(m) = 17*g(m) - 6*i(m). What are the prime factors of l(6)?
2, 3
Let l be (4 - -5)/(2/(-6)). Let i = 34 - -45. Let j = i + l. List the prime factors of j.
2, 13
Let i(r) be the second derivative of 31*r**3/6 + r**2 + 10*r. What are the prime factors of i(1)?
3, 11
Let d be (-111)/(-6) + (-4)/(-8). Suppose d - 15 = 2*l. Suppose l*j + 108 = 5*j. List the prime factors of j.
2, 3
Let c(h) = h**3 + 8*h**2 - 4*h + 11. Let f be (-10)/6 + 6/9. Let z = -7 + f. What are the prime factors of c(z)?
43
Let h(n) = -2*n**3 - 5*n**2 - 2*n + 4. Let w(o) = -o**3 - 3*o**2 - o + 2. Let l(s) = 2*h(s) - 5*w(s). Let x be l(-4). List the prime factors of 6/(-9)*(-195)/x.
13
Suppose 177 = 3*q + 3*w, 2*q + w - 4*w = 123. List the prime factors of q.
2, 3, 5
Let k be (18 - 1) + -4 + 20/4. What are the prime factors of ((-1 - 0)*k)/(6/(-9))?
3
Suppose 0*w + 14*w - 17066 = 0. List the prime factors of w.
23, 53
Let q be 1/(3/(18/(-1))). Let i = 1 + q. List the prime factors of (-14 - i)*2/(-3).
2, 3
Suppose 0*h - 448 = -4*s + 4*h, -4*s - 5*h + 448 = 0. Let m = 120 + 49. Let w = m - s. What are the prime factors of w?
3, 19
Suppose -t - 2 = -4. Suppose 3*c = t*c + 20. Let w = c + -4. List the prime factors of w.
2
Suppose 77*f - 1363 = 48*f. List the prime factors of f.
47
Let b(u) = 27*u**3 - u**2 - 5*u + 15. What are the prime factors of b(3)?
2, 3, 5
What are the prime factors of -2 + 3521*(36/(-6) - -7)?
3, 17, 23
Let i(u) = -2*u + 3. Let p be i(-2). List the prime factors of (-7)/p + 22*2 + -1.
2, 3, 7
Let b = 1189 + 326. List the prime factors of b.
3, 5, 101
Suppose 3*m = -j - 0*j + 1363, 0 = -5*m - 3*j + 2273. Let w = m - 221. List the prime factors of w.
233
Suppose 28*y - 10780 = 8*y. What are the prime factors of y?
7, 11
What are the prime factors of (-1 + (-754)/8)/((-21)/308)?
11, 127
Suppose -2*i = -i + y - 3, 0 = -3*y + 3. Suppose 2*l + v - 75 = 0, i*l + 3*l - 189 = -v. What are the prime factors of l?
2, 19
Let t = 1032 - 612. Suppose -4*y = y - t. List the prime factors of y.
2, 3, 7
Let u = -984 + 357. Let p = u - -372. 